n base 11?
342
What is -d08 (base 15) in base 3?
-11000122
What is -410 (base 10) in base 5?
-3120
Convert -43 (base 7) to base 5.
-111
What is ad (base 14) in base 3?
12200
1001100010 (base 2) to base 12
42a
2020 (base 7) to base 11
587
What is 1c59 (base 14) in base 11?
3985
11101 (base 11) to base 16
3ede
434 (base 7) to base 2
11011101
What is 21331132 (base 4) in base 14?
10c22
122036 (base 7) to base 9
33552
What is 12302 (base 4) in base 3?
121002
Convert 11022213 (base 4) to base 3.
1002000200
Convert 554 (base 11) to base 7.
1636
-318 (base 10) to base 15
-163
-1442 (base 6) to base 12
-282
What is 1100001100101 (base 2) in base 8?
14145
-1011113 (base 4) to base 15
-14ae
29c7 (base 13) to base 9
8303
Convert -3312 (base 12) to base 4.
-1113332
299 (base 14) to base 12
37b
Convert -532 (base 6) to base 15.
-d5
15c (base 15) to base 9
376
What is -2220212010 (base 3) in base 11?
-3a210
What is 6673 (base 10) in base 2?
1101000010001
What is 7983 (base 10) in base 14?
2ca3
64315 (base 7) to base 8
37101
What is -125703 (base 8) in base 7?
-242124
Convert 5c5b (base 13) to base 4.
3030201
-1b079 (base 14) to base 11
-47691
Convert -978 (base 16) to base 13.
-1146
What is 1289 (base 12) in base 15?
966
Convert 230 (base 8) to base 10.
152
-1655 (base 12) to base 6
-20145
What is -110002212 (base 3) in base 6?
-104505
Convert 10111100010 (base 2) to base 14.
798
-354 (base 13) to base 8
-1100
What is 376 (base 8) in base 2?
11111110
Convert 8928 (base 11) to base 5.
334032
5332 (base 7) to base 3
2120211
Convert 15136 (base 7) to base 15.
1397
What is 507 (base 12) in base 10?
727
What is 114550 (base 7) in base 2?
101000101111100
852 (base 10) to base 11
705
What is 112 (base 9) in base 10?
92
What is 36e6 (base 15) in base 5?
333231
-2002113 (base 4) to base 5
-231333
254032 (base 6) to base 14
84cc
748 (base 13) to base 12
877
What is 24002 (base 5) in base 14?
8d2
What is -405 (base 10) in base 11?
-339
Convert 26026 (base 7) to base 11.
5195
1000100000011 (base 2) to base 14
1831
727 (base 9) to base 6
2424
-75654 (base 8) to base 14
-b776
What is -101001101 (base 2) in base 12?
-239
What is -16846 (base 10) in base 3?
-212002221
What is -1043 (base 9) in base 13?
-471
Convert 3648 (base 9) to base 13.
1310
Convert 200102012 (base 3) to base 16.
3470
What is 1111000120 (base 3) in base 4?
13013313
2670 (base 16) to base 2
10011001110000
Convert d5 (base 16) to base 5.
1323
Convert -33321 (base 6) to base 7.
-16402
7583 (base 9) to base 7
22164
What is -214 (base 6) in base 12?
-6a
Convert 585 (base 11) to base 10.
698
Convert 248 (base 11) to base 12.
206
Convert -3212103 (base 4) to base 7.
-60654
-24321 (base 9) to base 7
-65344
Convert 45535 (base 6) to base 10.
6467
What is 3252 (base 6) in base 4?
23300
What is -442 (base 12) in base 4?
-21302
Convert -440 (base 5) to base 2.
-1111000
Convert -138 (base 11) to base 5.
-1122
-102330 (base 5) to base 16
-d89
Convert -112001 (base 3) to base 2.
-101111011
What is -47a4 (base 14) in base 10?
-12492
Convert 16303 (base 10) to base 9.
24324
1ce1 (base 16) to base 8
16341
-30662 (base 8) to base 7
-52043
Convert 635 (base 12) to base 11.
753
-22330 (base 4) to base 11
-587
What is 4578 (base 14) in base 4?
2330132
10042 (base 5) to base 10
647
Convert -4c (base 13) to base 16.
-40
What is -108 (base 15) in base 8?
-351
What is 100875 (base 9) in base 10?
59765
What is -1013 (base 14) in base 16?
-ac9
What is 35355 (base 9) in base 11?
16824
What is -2215 (base 6) in base 8?
-1003
What is 72a (base 14) in base 16?
582
Convert 119b3 (base 12) to base 3.
1012210000
Convert 6112 (base 7) to base 13.
c6a
Convert 5040 (base 6) to base 15.
4d9
-569 (base 12) to base 14
-413
Convert 1769 (base 10) to base 4.
123221
Convert 211334 (base 5) to base 6.
52502
Convert -1468a (base 11) to base 3.
-1001111222
What is -aab8 (base 12) in base 16?
-49ac
What is -16221 (base 8) in base 6?
-53505
What is 101112101 (base 3) in base 16?
1dfe
1652 (base 7) to base 10
674
What is 13300 (base 4) in base 16?
1f0
What is 2357 (base 10) in base 3?
10020022
20103 (base 5) to base 14
674
Convert 25217 (base 8) to base 3.
112221112
What is 2130030 (base 4) in base 15?
2e66
-484 (base 9) to base 2
-110010000
89c (base 13) to base 8
2711
What is -1060 (base 7) in base 15?
-1aa
Convert 2701 (base 9) to base 13.
bcb
-111000111111011 (base 2) to base 7
-151033
-1332223 (base 4) to base 14
-2d51
Convert -3223 (base 7) to base 10.
-1144
Convert 5ec9 (base 15) to base 2.
100111011110110
What is -1020013 (base 4) in base 10?
-4615
Convert 302314 (base 6) to base 3.
1012202101
-51036 (base 7) to base 12
-71b3
What is 12022220 (base 3) in base 13?
19cb
Convert -100123 (base 4) to base 7.
-3031
What is -10000001 (base 2) in base 14?
-93
Convert 19 (base 15) to base 7.
33
Convert 2776 (base 8) to base 12.
a7a
Convert -2788 (base 10) to base 15.
-c5d
Convert -3233 (base 6) to base 3.
-1000110
What is 10050 (base 12) in base 2?
101000100111100
What is -48de (base 15) in base 13?
-70a0
-1340 (base 13) to base 16
-ac4
111101000 (base 2) to base 5
3423
Convert -13266 (base 8) to base 7.
-22644
Convert -101110011 (base 2) to base 9.
-452
361 (base 9) to base 12
20a
-10101001010 (base 2) to base 3
-1212011
1002112 (base 3) to base 13
494
121212002 (base 3) to base 15
3992
-12344 (base 5) to base 10
-974
What is 1540 (base 7) in base 6?
2504
What is -2c36 (base 16) in base 7?
-44666
Convert 6b8 (base 15) to base 13.
902
-3377 (base 12) to base 9
-7741
Convert 3b84 (base 13) to base 10.
8558
Convert 5124 (base 10) to base 3.
21000210
6447 (base 8) to base 4
310213
Convert -16b (base 16) to base 13.
-21c
Convert 1b912 (base 15) to base 8.
257300
-4020 (base 6) to base 11
-727
What is -713f (base 16) in base 12?
-1493b
What is -254050 (base 6) in base 15?
-6bd6
-233122 (base 4) to base 5
-44114
What is -1000110010000 (base 2) in base 13?
-207b
What is 2197 (base 10) in base 7?
6256
What is -a103 (base 13) in base 4?
-11121332
-414 (base 6) to base 9
-181
What is 133 (base 15) in base 3?
101010
What is 1475 (base 11) in base 7?
5350
Convert 4001 (base 6) to base 7.
2344
52 (base 8) to base 13
33
7242 (base 15) to base 3
1020002222
Convert 67263 (base 9) to base 10.
44688
Convert 110001001 (base 2) to base 9.
476
What is 1000011110100110 (base 2) in base 15?
a451
What is 10a6 (base 14) in base 15?
cca
54ab (base 15) to base 11
12526
15241 (base 6) to base 7
10132
Convert -334 (base 10) to base 12.
-23a
What is 13503 (base 8) in base 15?
1b70
Convert 258 (base 11) to base 16.
131
Convert 46a (base 13) to base 2.
1011111100
What is 1494 (base 13) in base 9?
4086
Convert 5a3 (base 11) to base 16.
2ce
What is -10221 (base 8) in base 3?
-12211002
What is a60 (base 15) in base 5?
33330
Convert -304 (base 9) to base 12.
-187
Convert 330 (base 8) to base 15.
e6
Convert 1011100111000011 (base 2) to base 5.
3010210
What is -10325 (base 6) in base 3?
-1221122
What is -11202 (base 4) in base 6?
-1350
-10011001011111 (base 2) to base 13
-4618
What is 122 (base 9) in base 5?
401
Convert -25b9 (base 15) to base 7.
-32316
What is -120210 (base 3) in base 4?
-12222
What is 6af (base 16) in base 10?
1711
What is -40 (base 7) in base 6?
-44
Convert -991 (base 10) to base 16.
-3df
What is 634 (base 7) in base 3?
102211
What is -4140 (base 5) in base 16?
-221
-111013 (base 4) to base 12
-947
1b12 (base 14) to base 15
16cb
What is -eb (base 16) in base 11?
-1a4
10462 (base 9) to base 11
5240
-15517 (base 11) to base 5
-1200134
-1951 (base 10) to base 3
-2200021
Convert -110112 (base 3) to base 16.
-152
Convert -2950 (base 10) to base 13.
-145c
What is 548 (base 14) in base 15?
499
Convert 115511 (base 6) to base 8.
24143
What is -2807 (base 10) in base 6?
-20555
21003 (base 4) to base 2
1001000011
1210101 (base 3) to base 16
51a
What is 21101 (base 3) in base 9?
241
Convert -102131 (base 4) to base 7.
-3305
Convert -1011010101 (base 2) to base 11.
-5aa
12122301 (base 4) to base 12
13269
What is 1305 (base 13) in base 3?
10201100
What is -1002 (base 8) in base 14?
-28a
What is -1392 (base 10) in base 9?
-1816
What is 131645 (base 7) in base 14?
8dcc
Convert -2969 (base 10) to base 4.
-232121
Convert 1111043 (base 6) to base 8.
155243
Convert 3301 (base 5) to b